*k + 1. Let o(x) = -6*x**2 + 3*x. Let i(s) = 4*a(s) - 7*o(s). Determine i(-4).
-8
Let q(v) be the first derivative of -v**5/120 + 3*v**4/8 - 7*v**3/3 - 16. Let a(k) be the third derivative of q(k). Give a(0).
9
Let n(z) be the third derivative of -z**4/12 + 2*z**2. Let x be ((-6)/(-12))/((-1)/(-2)). Suppose -2*b + q + 10 = 0, 2*q = -3*b - 0*q + x. Give n(b).
-6
Let i(v) = 9*v**2 - 8*v**2 - 1 - v**3 + 2*v**3 + 3*v - 4*v**2. Determine i(3).
8
Let i(o) = -2*o**2 - 7*o - 3. Let c(t) = 4*t**2 + 1. Let y(u) = c(u) + i(u). Give y(4).
2
Let h(p) = p**2 + 7*p - 4. Let x(a) = 5*a + 191. Let n be x(-39). Determine h(n).
-16
Suppose -2*o - 13 - 1 = 0. Let r(q) = q**3 - q**3 - 8*q**3 - 6*q**2 - 9 + 4*q + 10*q**3 - 3*q**3. Calculate r(o).
12
Let y(n) = -11*n**2 + n + 22. Let v(s) = -4*s**2 + 8. Let z(o) = -8*v(o) + 3*y(o). Let f(k) = k - 1. Let p be f(6). Suppose -5 = -2*d + p. Give z(d).
-8
Let i(c) = -4*c**3 + c**2 - 4. Let w(m) = 9*m**3 - 3*m**2 + m + 8. Suppose -5*v + 15 + 0 = 0. Let q be v/2*14/3. Let y(r) = q*i(r) + 3*w(r). Give y(-4).
16
Suppose 4*j = -2*t + 18, 0 = 4*t - 2*j + 2 + 2. Let r(b) = -8*b**3 - b**2 + 1. Give r(t).
-8
Let m be 14/(-42) + (-160)/6. Let h = m + 30. Let g be ((-1)/h)/(1/9). Let r(p) = 2*p**2 + 4*p + 1. Determine r(g).
7
Let p(r) = 2*r - 3*r + 7 + 0*r + r**2. Suppose 6*y - 5*y = 2. Let m = y + -2. Determine p(m).
7
Let x = 72 - 83. Let f(r) = 2*r + 20. Calculate f(x).
-2
Let u be -4 - 20/(-4)*2. Suppose -3*s = t - 5, -u = -0*s - 2*s - 2*t. Let z(j) = -j + 2*j + 1 + j. Calculate z(s).
3
Let a(k) be the first derivative of k**2 + 4*k + 16. Suppose 0*i + 3*i - 3 = 0, 17 = 3*c - i. Calculate a(c).
16
Let x(j) = -2*j - 18. Let f be (57/38)/((-6)/56). Calculate x(f).
10
Let g(v) = -v - 7. Let b(y) = y - 5. Let u be b(3). Let q = -4 + u. Give g(q).
-1
Let k(a) = -11*a**3 + 11*a**2 + 6*a + 4. Let b(i) = -24*i**3 + 24*i**2 + 13*i + 8. Let x(h) = -6*b(h) + 13*k(h). Give x(2).
8
Let g = -25 - -27. Let w(b) = b**2 + 3*b. Let u(l) = -21*l**2 - 42*l. Let r(s) = -u(s) - 14*w(s). Give r(g).
28
Let x(v) = -v**2 + 6*v - 9. Let f(y) = -3*y**2 - 7*y - 4 + 4*y**2 - 2*y**2. Let g(h) = 2*h**2 + 17*h - 14. Let j be g(-9). Let n be f(j). Determine x(n).
-9
Let l(x) = -x**2 + 3*x - 2. Suppose 110*h - 118*h = 16. Determine l(h).
-12
Let y(z) = 2*z**2 + 1. Let l(g) = 15*g**3 + 8*g**2 - 2*g + 3. Let d(p) = -l(p) + 4*y(p). Give d(-1).
14
Let o = -12 + 17. Let c(b) = o*b + b + 8*b. Suppose 0 = 9*s - 2 + 11. Determine c(s).
-14
Let a(b) = b**2 - 4*b + 1. Suppose 2*z - 16 = -2*p, -3*p - p = -4*z - 8. Let m be 68/14 + p/35. What is a(m)?
6
Let t(k) be the second derivative of 1/360*k**6 + 1/2*k**3 - 5/24*k**4 + 0 + 1/40*k**5 + 0*k**2 - k. Let l(r) be the second derivative of t(r). Give l(-4).
-1
Let r(q) = q**2 + 31*q + 11. Let j(t) = 2*t**2 + 56*t + 21. Let f(b) = -4*j(b) + 7*r(b). Suppose 2*z + 3 = -c, 3*c - c = -z - 9. Give f(c).
3
Let z(f) = -2*f**2. Suppose 4*g - 6 = 5*q + 4, -3*q = 5*g - 31. Suppose -4*s + g*b = 9, -5*s + 3*b - 3 = 5. What is z(s)?
-2
Suppose -3*o + 8 + 4 = 0. Let i(f) = -7*f + o*f**3 + 0 + 1 + 5*f. Give i(1).
3
Let x(i) = 9*i - 13*i + 7*i + 38 - 31. Determine x(-5).
-8
Let s(d) = 2*d**2 + 15*d + 19. Let a be s(-5). Let g(z) = -z**2 - 5*z - 5. What is g(a)?
-11
Let z(y) be the second derivative of y**3/6 + 7*y**2/2 + 2*y. Let s = 1 + 6. Let r(w) = 4*w + 21. Let c(x) = s*z(x) - 2*r(x). Give c(4).
3
Let k = 85 - 90. Let c(t) = -t**3 - 4*t**2 + 5*t + 3. Give c(k).
3
Let i be ((-38)/95)/((-4)/(-10)). Let k(q) be the first derivative of 7*q**4/4 - 2*q**3/3 - q**2 - q + 1. Determine k(i).
-8
Suppose 5*r - 4*w = -24, w - 4 + 3 = 0. Let u(b) = -b**3 - b**2 + b - 1. Let m(l) = 3*l**3 + 5*l**2 - 6*l + 5. Let j(d) = r*u(d) - m(d). What is j(2)?
7
Let r(x) = 288*x**2 - 57*x + 57. Let b(a) = -35*a**2 + 7*a - 7. Let d(j) = 33*b(j) + 4*r(j). Give d(-4).
-63
Let w(u) = -2*u**2 - 22 + u**2 - 3*u + 25. Suppose -18*i = -15*i + 9. Give w(i).
3
Suppose 41*o = 36*o. Suppose 0 = r - 4*i - 23, o*r + 3*i + 24 = 3*r. Let a(j) be the first derivative of -j**2/2 + 4*j + 1. Give a(r).
1
Let j be (2/(-15)*-5)/((-1)/(-3)). Let l be ((-1)/j)/(7/(-14)). Let c(r) = -7*r. Calculate c(l).
-7
Let o(x) = 3*x - 1. Let m be (-10)/(-4) + ((-3)/(-6))/1. Give o(m).
8
Let j(r) = -r**2 + 11*r - 10. Let o(s) = 2*s**2 - 22*s + 21. Let i(g) = 5*j(g) + 3*o(g). Determine i(10).
3
Let z(r) = r**2 - 5*r. Suppose t = 2*t - 0*t. Suppose t*a - a + 5 = 0. Calculate z(a).
0
Let c(k) be the first derivative of -k**4/4 + k**3/3 - k**2/2 - 4*k + 1. Suppose 154*o = -48*o. What is c(o)?
-4
Let y = 2331 - 2343. Let d(o) = o**2 + 13*o + 16. Calculate d(y).
4
Let v(f) = f**2 - 7*f + 6. Let s(x) = -7*x**2 + 20*x - 25. Let i(o) = 3*o**2 - 10*o + 13. Let w(a) = 5*i(a) + 2*s(a). Let n be w(9). Calculate v(n).
0
Let z = 89 - 56. Let a = 38 - z. Let m(k) = -k**2 + 2*k + 2. Determine m(a).
-13
Let j(a) = -a + 2. Let l(c) = 3*c - 2. Let r(n) = 2*n - 1. Let o(m) = 4*l(m) - 5*r(m). Let b(g) = -3*j(g) - 2*o(g). Give b(8).
-8
Let i(j) = 24*j + 2. Let s be i(1). Let z = 41 - s. Suppose z = 3*u - 0*u. Let b(t) = t**3 - 6*t**2 + 4*t. Give b(u).
-5
Let o(z) = -5*z + 5. Let w be (2/(-3))/((10/33)/5). Let s(c) be the third derivative of 7*c**4/12 - 5*c**3/2 + c**2. Let q(k) = w*o(k) - 4*s(k). Calculate q(4).
1
Suppose 48*m = 54*m - 36. Let s(t) = 11*t + 4. Determine s(m).
70
Let y(l) = -l**3 + 5*l**2 + 10*l - 14. Suppose 0 = -11*r - 42 + 119. Calculate y(r).
-42
Let n(r) = -13454 + r + 13454. What is n(5)?
5
Let m(g) = -3*g + 6. Let i = -50 - -50. Suppose -5*d + 5*j - 50 = 0, -2*d - 3*d - 3*j - 26 = i. Give m(d).
27
Let x(o) = 3*o + 12 + 5 - 9. Give x(-4).
-4
Let u(w) = -w**2 + 1. Let y(p) = p**2 + 5*p + 7. Let v be y(-3). Let o(l) = 4 + v + 4*l + 5*l**2 - 7. Let z(m) = -o(m) - 4*u(m). What is z(-4)?
-2
Let q be 1/(3 - (-33)/(-12)). Suppose 6 + 14 = q*n. Let d(r) = -r**2 + 6*r - 4. Let o be d(n). Let l(g) = g. What is l(o)?
1
Let o(h) = -145*h**2 + 7*h - 5 - 3*h**3 + 4*h**3 + 138*h**2. Suppose 0*a + 4 = 5*a - 3*k, 2*a - 2*k = 0. Suppose v - a*v + 3*t = -15, 4*t = -12. Give o(v).
1
Let s(h) = 6*h - 9. Let m = 167 + -160. Give s(m).
33
Let p(b) = 6046*b**2 - 2 - b - b**3 - 6043*b**2 + 5. Calculate p(3).
0
Let h be (-4)/20 - 52/(-10). Let x(k) be the first derivative of k**2 + k - 10 + 8 + h*k + 6. Calculate x(-6).
-6
Let r(q) be the third derivative of q**4/6 - 2*q**3/3 - 2*q**2 - 18*q. Give r(3).
8
Let j(f) = -f**2 - 4*f - 3. Let r be j(-3). Suppose -5*n + 4*t = -51, r = -2*n + t + 10 + 8. Let m(x) = n - 3*x + x + 3*x + 0*x. What is m(-5)?
2
Let p(w) = -45*w**2 - w. Let z(f) = 226*f**2 + 6*f. Let h(i) = -11*p(i) - 2*z(i). Calculate h(-1).
44
Let d(c) = -5*c - 16. Let j be d(-4). Let v be (-24)/(-18)*-3 - j. Let g(z) = -z**3 - 7*z**2 + 10*z + 6. Determine g(v).
-10
Suppose -3*b - f = -5*b - 15, -3*f - 27 = 2*b. Let v be ((-42)/b)/((-2)/6). Let r = 11 + v. Let k(a) = -2*a - 2. Give k(r).
4
Suppose -2*o - 5*w + 11 = 0, 0 = -o - w + 4*w - 22. Let p = o + 7. Let c(i) = -i**2 - 2. Determine c(p).
-2
Suppose 0*n + 6 = 2*n. Let o(r) be the first derivative of -r**2/2 - r + 118. What is o(n)?
-4
Suppose 2*p + o + 6 = 0, -4 = 4*p - 5*o + 3*o. Let c(k) = k**2 + k + 1. Let d be c(0). Let z(r) = d - 2*r + r - r. Calculate z(p).
5
Let l = 5 + 0. Let k(t) = -16 + l*t - 2*t + 6*t + 5. Let a(v) = 3*v - 4. Let u(j) = -8*a(j) + 3*k(j). Calculate u(-1).
-4
Let q(c) = -7*c + 7. Let j be q(-3). Let z(m) = 2*m**2 + j + 3*m**2 - 6*m**2 - 25. Give z(-3).
-6
Let s(a) = 5*a**2 + 50*a - 49. Let g be s(1). Let u(n) = 7*n - 27. What is u(g)?
15
Suppose 2*m + 2*m + 32 = -4*d, -4*m - 2 = -d. Let k(b) = 8*b + 163. Let o(f) = -f - 18. Let w(p) = -2*k(p) - 18*o(p). Calculate w(d).
-14
Let k(s) = -s**3 - s**2 + 2. Let t be (-22)/(-5) + (-4)/10. Let j be (3/3)/t*4. Suppose 3*h - 3 = -4*z + j, -2*z = -4*h - 2. What is k(h)?
2
Let t(o) be the second derivative of -o**4/12 - o**3/2 - 5*o**2/2 - 959*o. Suppose -f - 5 = 2*y, -y + 2 = f + 7. What is t(f)?
-15
Let h be (-2 - 0 - -3)*2. Suppose 0*l = -h*l + l. Let j(r) = r**3 + r**2 + r - 19. Calculate j(l).
-19
Let t(r) = 2*r**2 + 2*r + 3. Let s(w) = -23*w + 4. Let m be s(0). Calculate t(m).
43
Let x(w) = -6*w**3 - 4*w**2 - 6*w + 9. Let v(s) = -s**3 - s + 2. Let y(u) = -5*v(u) + x(u). What is y(-5)?
29
Let c